is y(0)?
-481
Let q(b) = -97*b + 8910. Determine q(92).
-14
Let h(p) = 5*p**3 + 221*p**2 + 894*p + 2252. Calculate h(-40).
92
Let w(t) = 32*t**3 - 6207*t**2 - 211*t + 3299. Calculate w(194).
1
Let w(v) = -8230839*v + 82308390. Give w(10).
0
Let n(b) = b**3 + 718*b**2 - 10259*b - 8154. Determine n(-732).
-102
Let z(a) = 3148*a - 560361. Give z(178).
-17
Let o(c) = c**3 + 49*c**2 - 7066*c + 624. What is o(63)?
-6
Let j(w) = -w**2 - 241*w - 5004. What is j(-32)?
1684
Let z(g) = -10*g**2 + 11871*g - 83723. Calculate z(1180).
57
Let h(g) = 13*g**2 + 404*g + 2620. Calculate h(-12).
-356
Let b(o) = o**3 - 2*o**2 + 146*o - 905. Determine b(6).
115
Let l(d) = -d**2 - 161*d - 8322. Calculate l(-96).
-2082
Let n(i) = 6*i**2 + 84*i + 272. Give n(-12).
128
Let p(v) = 90*v**3 + 641*v**2 + 14*v + 1. Determine p(-7).
442
Let s(y) = -7*y - 1682. Calculate s(-125).
-807
Let v(x) = 220233*x**2 + 3743965*x + 66. What is v(-17)?
-2
Let q(y) = -y**3 + 921*y**2 + 3735*y + 134. Calculate q(-4).
-6
Let r(f) = -23406*f + 2434243. Give r(104).
19
Let r(a) = -29*a**3 - 1047*a**2 - 110*a - 94. What is r(-36)?
-22
Let q(y) = -2*y**2 + 590*y - 2972. Give q(5).
-72
Let f(m) = 260*m + 60369. Calculate f(-232).
49
Let s(f) = 2*f**3 - 146*f**2 - 2640*f - 305. Give s(88).
-305
Let t(c) = c**3 + 47*c**2 - 191*c + 425. What is t(-51)?
-238
Let j(u) = 16263*u - 178777. Determine j(11).
116
Let j(m) = -52*m**2 - 741*m - 225. What is j(-14)?
-43
Let b(k) = -258*k + 53872. What is b(208)?
208
Let w(i) = 600*i - 15651. Calculate w(25).
-651
Let u(t) = 8*t**2 - 161174*t + 483453. Calculate u(3).
3
Let i(b) = 7439*b + 163680. What is i(-22)?
22
Let k(o) = o**3 - 26*o**2 + 211*o + 20. Give k(15).
710
Let c(g) = -3*g**3 - 998*g**2 - 297*g + 121840. Give c(-332).
-4
Let r(z) = -15499*z - 1503317. Give r(-97).
86
Let y(k) = -4*k**2 + 25713*k + 1191256. Calculate y(-46).
-6
Let b(n) = 8*n**2 + 20*n - 464. Determine b(-9).
4
Let y(j) = 844*j + 89299. Calculate y(-105).
679
Let h(k) = 4687*k + 30607. What is h(-7)?
-2202
Let y(a) = -73008*a - 2409277. Calculate y(-33).
-13
Let g(y) = -363*y - 456. Give g(-3).
633
Let y(i) = -3*i**2 - 724*i - 2901. Calculate y(-4).
-53
Let n(k) = k**2 - 109*k + 2700. What is n(43)?
-138
Let z(g) = 9*g**3 + 286*g**2 - 49*g + 463. Give z(-32).
-17
Let b(j) = -33*j**2 - 1118*j - 996. Determine b(-33).
-39
Let n(l) = -291*l + 2402. Give n(12).
-1090
Let r(a) = 4981*a + 901565. Calculate r(-181).
4
Let p(m) = 679*m**2 + 2037*m - 21. Give p(-3).
-21
Let m(a) = -1267*a - 227471. What is m(-180)?
589
Let j(h) = -119537*h - 8606659. Calculate j(-72).
5
Let g(n) = -9*n**2 - 1411*n + 1781. Give g(-158).
43
Let l(x) = -5*x**2 + 7*x + 690. What is l(-11)?
8
Let v(d) = -129*d + 17100. Calculate v(133).
-57
Let u(n) = 1855*n + 1543343. Give u(-832).
-17
Let y(m) = 136157*m - 136166. Calculate y(1).
-9
Let c(p) = p**2 + 194*p - 10440. Calculate c(43).
-249
Let c(s) = s**2 - 452*s - 13129. What is c(-27)?
-196
Let z(u) = -4694*u**2 + 774512*u - 315. Determine z(165).
15
Let j(h) = 25*h + 854. Give j(-35).
-21
Let t(z) = 4*z**2 - 576*z + 2353. Give t(4).
113
Let x(n) = 3054*n + 7716. Determine x(-3).
-1446
Let k(p) = 4*p**2 - 519*p - 6378. Determine k(138).
-1824
Let n(q) = q**3 - 55*q**2 + 899*q - 3653. Determine n(25).
72
Let z(r) = -857*r + 6564. Calculate z(11).
-2863
Let j(x) = 13*x**2 - 201*x - 1860. Give j(-6).
-186
Let p(i) = 276896*i + 15783101. Determine p(-57).
29
Let j(v) = -1330442*v + 62530776. What is j(47)?
2
Let q(i) = -i**3 + 18*i**2 - 30*i + 142. Calculate q(8).
542
Let s(t) = -5*t**2 + 244*t - 916. Determine s(46).
-272
Let h(v) = 6894*v - 785915. Give h(114).
1
Let l(c) = -905*c + 81448. Calculate l(90).
-2
Let s(b) = -b**3 + 52*b**2 - 50*b - 4741. What is s(49)?
12
Let j(h) = 694*h - 6317. Determine j(6).
-2153
Let b(s) = -9342*s + 205513. Give b(22).
-11
Let s(z) = 3*z**3 + 10*z**2 + 6*z - 48. Determine s(-11).
-2897
Let n(f) = -2*f**2 + 18053*f + 2250775. Calculate n(-123).
-2
Let z(x) = 4*x**3 + 1835*x**2 - 474*x - 6646. Determine z(-459).
239
Let c(d) = 13475*d + 53921. What is c(-4)?
21
Let t(s) = 14*s**2 - 6871*s - 9237. What is t(492)?
-873
Let f(l) = -70*l - 688. Calculate f(21).
-2158
Let f(r) = -344*r - 1987. Calculate f(-6).
77
Let t(f) = -8*f**2 + 25024*f + 125300. What is t(-5)?
-20
Let c(h) = 2*h**2 + 86*h + 1898. Give c(-38).
1518
Let c(t) = 1218*t + 12813. What is c(-10)?
633
Let s(d) = 248*d + 49150. What is s(-198)?
46
Let v(z) = 4*z**2 + 1140*z + 2272. Calculate v(-283).
8
Let i(z) = -9*z**3 - 54*z**2 + 61*z - 665. Determine i(-8).
-1
Let a(b) = 49*b**2 + 997*b + 743. Calculate a(-21).
1415
Let q(x) = 6*x**2 + 376*x + 2096. Calculate q(-6).
56
Let h(u) = -15*u**2 - 1103*u + 14586. Give h(-85).
-34
Let f(q) = -216*q - 37992. What is f(-176)?
24
Let z(j) = 9*j**2 - 10592*j + 826220. Calculate z(84).
-4
Let u(l) = -7*l**2 - 100*l + 990. Calculate u(12).
-1218
Let d(k) = -3*k**3 - 16*k**2 - 690*k - 5440. Give d(-9).
1661
Let l(q) = q**2 + 1698*q + 51667. What is l(-31)?
-10
Let r(x) = 13*x**3 - 30*x**2 + 173*x - 2763. Calculate r(6).
3
Let o(b) = -180*b - 12336. Determine o(-68).
-96
Let y(q) = 2*q**3 - 2908*q**2 + 26006*q + 5788. Give y(1445).
8
Let d(m) = 18131*m + 11495052. What is d(-634)?
-2
Let k(m) = -241*m**2 - 145*m - 143. Give k(-1).
-239
Let z(g) = -1872*g + 10212. Determine z(6).
-1020
Let t(q) = -3*q**2 - 1952*q + 13863. Give t(7).
52
Let o(d) = d**2 + 2805*d + 332465. Calculate o(-124).
21
Let m(f) = 71*f + 3812. What is m(-55)?
-93
Let p(i) = 136*i - 7255. Calculate p(86).
4441
Let s(d) = 524*d - 4788. Determine s(11).
976
Let r(p) = -6422*p - 3898120. Calculate r(-607).
34
Let y(k) = 1621*k - 18623. What is y(12)?
829
Let y(c) = -7*c**3 - 12*c**2 + 57*c - 429. Determine y(6).
-2031
Let t(f) = 128*f - 7368. Calculate t(58).
56
Let j(x) = 383*x**2 - 98*x + 96. What is j(1)?
381
Let d(o) = -5*o**2 - 184*o + 614. Determine d(4).
-202
Let c(v) = -112*v + 3624. Determine c(39).
-744
Let l(h) = 17836*h + 2407868. Determine l(-135).
8
Let p(x) = 1682*x + 21017. Determine p(-12).
833
Let i(f) = -f**3 + 21*f**2 + 3311*f - 16. Give i(-48).
32
Let u(z) = -1633*z + 46240. Give u(30).
-2750
Let x(t) = 359*t**2 + 150*t + 164. Calculate x(-1).
373
Let s(y) = -y**3 + 45*y**2 + 614*y - 31079. Determine s(42).
1
Let x(o) = -o**3 - 93*o**2 + 191*o + 745. Give x(-95).
650
Let f(a) = -448*a**2 - 556*a - 62. Calculate f(-1).
46
Let a(f) = 10*f**2 + 6868*f - 27545. Give a(4).
87
Let s(x) = -x**3 - 4277*x**2 - 110527*x - 23. Determine s(-26).
3
Let p(b) = b**2 - 255*b - 72840. What is p(-171)?
6
Let m(s) = -s**3 - 81*s**2 + 5309*s - 2858. What is m(-124)?
-6
Let y(p) = 421*p + 5406. Give y(-12).
354
Let s(x) = -326396*x - 4243126. Calculate s(-13).
22
Let r(y) = -226662*y - 1359912. Calculate r(-6).
60
Let y(w) = -222228*w + 888955. Give y(4).
43
Let k(m) = -m**2 + 51*m - 866. Give k(21).
-236
Let o(d) = d**3 - d**2 + 367*d - 5214. Give o(11).
33
Let s(k) = 18360*k + 2956029. Calculate s(-161).
69
Let l(r) = 47*r**2 - 87219*r - 87220. What is l(-1)?
46
Let k(q) = 301*q**2 - 27381*q + 130. Determine k(91).
1040
Let k(d) = d**3 + 108*d**2 + 2554*d + 1290. Calculate k(-34).
-2
Let m(g) = -20933*g - 146525. Give m(-7).
6
Let k(u) = 11*u**2 + 435*u + 2899. Determine k(-37).
1863
Let h(p) = -7*p**2 - 402*p - 906. Give h(-53).
737
Let y(b) = 2*b**3 + 33*b**2 - 14*b - 232. Give y(-15).
653
Let g(r) = -2*r**3 + 68*r**2 - 152*r + 64. What is g(30)?
2704
Let d(g) = -2*g**3 + 10*g**2 - 1561*g + 6222. Give d(4).
10
Let f(u) = -4*u**2 - 378*u + 2573. What is f(-101)?
-53
Let q(c) = c**3 - 4*c**2 + 10*c - 54. Calculate q(5).
21
Let o(u) = -2*u**3 - 9*u**2 + 955*u + 2869. What is o(-3)?
-23
Let u(l) = 148162*l + 148061. Calculate u(-1).
-101
Let z(j) = -35*j**2 + 295*j - 542. What is z(3)?
28
Let a(n) = -250*n - 2339. Give a(-6).
-839
Let b(j) = -3473*j + 13891. Give b(4).
-1
Let t(x) = -2*x**3 - 4*x**2 - 29*x + 112. What is t(5)?
-383
Let y(k) = 32*k**3 - 9794*k**2 + 617*k - 1515. Calculate y(306).
15
Let a(k) = 6311*k**2 + 12642*k - 2. Determine a(-2).
-42
Let b(y) = -1341*y - 8065. Determine b(-6).
-19
Let p(t) = -5*t**3 + 8*t**2 + 13*t + 133. Determine p(4).
-7
Let i(c) = -3616*c - 9613. Calculate i(-4).
4851
Let j(q) = -q**3 - 3*q**2 - 11*q - 43. What is j(-